{"id":3665,"date":"2019-07-04T11:11:49","date_gmt":"2019-07-04T09:11:49","guid":{"rendered":"http:\/\/www.schuetzen-neuenheerse.de\/?page_id=3665"},"modified":"2025-08-06T22:08:47","modified_gmt":"2025-08-06T20:08:47","slug":"wir-waren-2-koenigskinder","status":"publish","type":"page","link":"https:\/\/schuetzen-neuenheerse.de\/?page_id=3665","title":{"rendered":"Wir waren 2 K\u00f6nigskinder"},"content":{"rendered":"<p>Seit vielen Jahren ist es in unserer Bruderschaft Tradition ein Foto vom K\u00f6nigspaar in der frisch gewickelten Krone zu machen.<\/p>\n<p>Dabei wird das Lied &#8222;Es waren zwei K\u00f6nigskinder&#8220; gesungen!<\/p>\n<p>Um die Galerie mit den Sch\u00e4tzen aus dem Fotoalbum zu f\u00fcllen bitten wir um eure Unterst\u00fctzung. Bitte sendet eure &#8222;Kronenbilder&#8220; an<\/p>\n<p>oberst@schuetzen-neuenheerse.de\u00a0 oder per Whatsapp an die Obersthandynummer!<\/p>\n<div id='gallery-1' class='gallery galleryid-3665 gallery-columns-3 gallery-size-thumbnail'><figure class='gallery-item'>\n\t\t\t<div class='gallery-icon portrait'>\n\t\t\t\t<a href='https:\/\/schuetzen-neuenheerse.de\/?attachment_id=9420'><img loading=\"lazy\" decoding=\"async\" width=\"150\" height=\"150\" src=\"https:\/\/schuetzen-neuenheerse.de\/wp-content\/uploads\/2025\/08\/IMG_3881-150x150.jpg\" class=\"attachment-thumbnail size-thumbnail\" alt=\"\" \/><\/a>\n\t\t\t<\/div><\/figure><figure class='gallery-item'>\n\t\t\t<div class='gallery-icon portrait'>\n\t\t\t\t<a href='https:\/\/schuetzen-neuenheerse.de\/?attachment_id=9178'><img loading=\"lazy\" decoding=\"async\" width=\"150\" height=\"150\" src=\"https:\/\/schuetzen-neuenheerse.de\/wp-content\/uploads\/2025\/07\/IMG_9922-150x150.jpg\" class=\"attachment-thumbnail size-thumbnail\" alt=\"\" aria-describedby=\"gallery-1-9178\" \/><\/a>\n\t\t\t<\/div>\n\t\t\t\t<figcaption class='wp-caption-text gallery-caption' id='gallery-1-9178'>\n\t\t\t\t2024 &#8211; Miriam und Sascha Klostermann\n\t\t\t\t<\/figcaption><\/figure><figure class='gallery-item'>\n\t\t\t<div class='gallery-icon landscape'>\n\t\t\t\t<a href='https:\/\/schuetzen-neuenheerse.de\/?attachment_id=7364'><img loading=\"lazy\" decoding=\"async\" width=\"150\" height=\"150\" src=\"https:\/\/schuetzen-neuenheerse.de\/wp-content\/uploads\/2023\/08\/1-150x150.jpg\" class=\"attachment-thumbnail size-thumbnail\" alt=\"\" aria-describedby=\"gallery-1-7364\" \/><\/a>\n\t\t\t<\/div>\n\t\t\t\t<figcaption class='wp-caption-text gallery-caption' id='gallery-1-7364'>\n\t\t\t\t2023 -Carmen Schmitz und Dirk Osburg\n\t\t\t\t<\/figcaption><\/figure><figure class='gallery-item'>\n\t\t\t<div class='gallery-icon portrait'>\n\t\t\t\t<a href='https:\/\/schuetzen-neuenheerse.de\/?attachment_id=5458'><img loading=\"lazy\" decoding=\"async\" width=\"150\" height=\"150\" src=\"https:\/\/schuetzen-neuenheerse.de\/wp-content\/uploads\/2022\/08\/Pastoors-Maria-und-Markus-1-150x150.jpg\" class=\"attachment-thumbnail size-thumbnail\" alt=\"\" aria-describedby=\"gallery-1-5458\" \/><\/a>\n\t\t\t<\/div>\n\t\t\t\t<figcaption class='wp-caption-text gallery-caption' id='gallery-1-5458'>\n\t\t\t\t2022 &#8211; Markus und Maria Pastoors\n\t\t\t\t<\/figcaption><\/figure><figure class='gallery-item'>\n\t\t\t<div class='gallery-icon landscape'>\n\t\t\t\t<a href='https:\/\/schuetzen-neuenheerse.de\/?attachment_id=3783'><img loading=\"lazy\" decoding=\"async\" width=\"150\" height=\"150\" src=\"https:\/\/schuetzen-neuenheerse.de\/wp-content\/uploads\/2019\/07\/Kronenbild-2-150x150.jpg\" class=\"attachment-thumbnail size-thumbnail\" alt=\"\" aria-describedby=\"gallery-1-3783\" \/><\/a>\n\t\t\t<\/div>\n\t\t\t\t<figcaption class='wp-caption-text gallery-caption' id='gallery-1-3783'>\n\t\t\t\t2019 &#8211; Michael und Claudia B\u00f6hler\n\t\t\t\t<\/figcaption><\/figure><figure class='gallery-item'>\n\t\t\t<div class='gallery-icon landscape'>\n\t\t\t\t<a href='https:\/\/schuetzen-neuenheerse.de\/?attachment_id=3675'><img loading=\"lazy\" decoding=\"async\" width=\"150\" height=\"150\" src=\"https:\/\/schuetzen-neuenheerse.de\/wp-content\/uploads\/2019\/07\/2018-Heising-Hubertus-und-Kordula-1-150x150.jpg\" class=\"attachment-thumbnail size-thumbnail\" alt=\"\" aria-describedby=\"gallery-1-3675\" \/><\/a>\n\t\t\t<\/div>\n\t\t\t\t<figcaption class='wp-caption-text gallery-caption' id='gallery-1-3675'>\n\t\t\t\t2018 &#8211; Jubelk\u00f6nigspaar Hubertus und Kordula Heising\n\t\t\t\t<\/figcaption><\/figure><figure class='gallery-item'>\n\t\t\t<div class='gallery-icon portrait'>\n\t\t\t\t<a href='https:\/\/schuetzen-neuenheerse.de\/?attachment_id=4095'><img loading=\"lazy\" decoding=\"async\" width=\"150\" height=\"150\" src=\"https:\/\/schuetzen-neuenheerse.de\/wp-content\/uploads\/2019\/07\/2018-Jubel-Jungschuetzenkoenigspaar-Lukas-Pastoors-und-Sarina-Hashemi-150x150.jpg\" class=\"attachment-thumbnail size-thumbnail\" alt=\"\" aria-describedby=\"gallery-1-4095\" \/><\/a>\n\t\t\t<\/div>\n\t\t\t\t<figcaption class='wp-caption-text gallery-caption' id='gallery-1-4095'>\n\t\t\t\t2018 &#8211; Jubeljungsch\u00fctzenk\u00f6nigspaar Lukas Pastoors und Sarina Hashemi\n\t\t\t\t<\/figcaption><\/figure><figure class='gallery-item'>\n\t\t\t<div class='gallery-icon landscape'>\n\t\t\t\t<a href='https:\/\/schuetzen-neuenheerse.de\/?attachment_id=3674'><img loading=\"lazy\" decoding=\"async\" width=\"150\" height=\"150\" src=\"https:\/\/schuetzen-neuenheerse.de\/wp-content\/uploads\/2019\/07\/2017-Schwarze-Christian-und-Tonia-1-150x150.jpg\" class=\"attachment-thumbnail size-thumbnail\" alt=\"\" aria-describedby=\"gallery-1-3674\" \/><\/a>\n\t\t\t<\/div>\n\t\t\t\t<figcaption class='wp-caption-text gallery-caption' id='gallery-1-3674'>\n\t\t\t\t2017 &#8211; Schwarze Christian und Tonia\n\t\t\t\t<\/figcaption><\/figure><figure class='gallery-item'>\n\t\t\t<div class='gallery-icon landscape'>\n\t\t\t\t<a href='https:\/\/schuetzen-neuenheerse.de\/?attachment_id=3673'><img loading=\"lazy\" decoding=\"async\" width=\"150\" height=\"150\" src=\"https:\/\/schuetzen-neuenheerse.de\/wp-content\/uploads\/2019\/07\/2016-Wulf-Daniel-und-Ellenbuerger-Carolin-150x150.jpg\" class=\"attachment-thumbnail size-thumbnail\" alt=\"\" aria-describedby=\"gallery-1-3673\" \/><\/a>\n\t\t\t<\/div>\n\t\t\t\t<figcaption class='wp-caption-text gallery-caption' id='gallery-1-3673'>\n\t\t\t\t2016 &#8211; Wulf Daniel und Ellenb\u00fcrger Carolin\n\t\t\t\t<\/figcaption><\/figure><figure class='gallery-item'>\n\t\t\t<div class='gallery-icon landscape'>\n\t\t\t\t<a href='https:\/\/schuetzen-neuenheerse.de\/?attachment_id=3672'><img loading=\"lazy\" decoding=\"async\" width=\"150\" height=\"150\" src=\"https:\/\/schuetzen-neuenheerse.de\/wp-content\/uploads\/2019\/07\/2015-Garbowsky-Dirk-und-Nadja-1-150x150.jpg\" class=\"attachment-thumbnail size-thumbnail\" alt=\"\" aria-describedby=\"gallery-1-3672\" \/><\/a>\n\t\t\t<\/div>\n\t\t\t\t<figcaption class='wp-caption-text gallery-caption' id='gallery-1-3672'>\n\t\t\t\t2015 &#8211; Garbowsky Dirk und Nadja\n\t\t\t\t<\/figcaption><\/figure><figure class='gallery-item'>\n\t\t\t<div class='gallery-icon landscape'>\n\t\t\t\t<a href='https:\/\/schuetzen-neuenheerse.de\/?attachment_id=3683'><img loading=\"lazy\" decoding=\"async\" width=\"150\" height=\"150\" src=\"https:\/\/schuetzen-neuenheerse.de\/wp-content\/uploads\/2019\/07\/2009-Mathias-Bertgen-und-Janine-Ziegeroski-1-150x150.jpg\" class=\"attachment-thumbnail size-thumbnail\" alt=\"\" aria-describedby=\"gallery-1-3683\" \/><\/a>\n\t\t\t<\/div>\n\t\t\t\t<figcaption class='wp-caption-text gallery-caption' id='gallery-1-3683'>\n\t\t\t\t2009 &#8211; Mathias Bertgen und Janine Ziegeroski\n\t\t\t\t<\/figcaption><\/figure><figure class='gallery-item'>\n\t\t\t<div class='gallery-icon landscape'>\n\t\t\t\t<a href='https:\/\/schuetzen-neuenheerse.de\/?attachment_id=9179'><img loading=\"lazy\" decoding=\"async\" width=\"150\" height=\"150\" src=\"https:\/\/schuetzen-neuenheerse.de\/wp-content\/uploads\/2025\/07\/IMG_2940-150x150.jpg\" class=\"attachment-thumbnail size-thumbnail\" alt=\"\" aria-describedby=\"gallery-1-9179\" \/><\/a>\n\t\t\t<\/div>\n\t\t\t\t<figcaption class='wp-caption-text gallery-caption' id='gallery-1-9179'>\n\t\t\t\t2000 &#8211; Brigitte und Klaus Bertgen\n\t\t\t\t<\/figcaption><\/figure><figure class='gallery-item'>\n\t\t\t<div class='gallery-icon landscape'>\n\t\t\t\t<a href='https:\/\/schuetzen-neuenheerse.de\/?attachment_id=4093'><img loading=\"lazy\" decoding=\"async\" width=\"150\" height=\"150\" src=\"https:\/\/schuetzen-neuenheerse.de\/wp-content\/uploads\/2019\/07\/2001-Ingrid-und-Guenther-Pastoors-150x150.jpg\" class=\"attachment-thumbnail size-thumbnail\" alt=\"\" aria-describedby=\"gallery-1-4093\" \/><\/a>\n\t\t\t<\/div>\n\t\t\t\t<figcaption class='wp-caption-text gallery-caption' id='gallery-1-4093'>\n\t\t\t\t2001 G\u00fcnther und Ingrid Pastoors\n\t\t\t\t<\/figcaption><\/figure><figure class='gallery-item'>\n\t\t\t<div class='gallery-icon landscape'>\n\t\t\t\t<a href='https:\/\/schuetzen-neuenheerse.de\/?attachment_id=4094'><img loading=\"lazy\" decoding=\"async\" width=\"150\" height=\"150\" src=\"https:\/\/schuetzen-neuenheerse.de\/wp-content\/uploads\/2019\/07\/Koenigspaar-Anni-und-Karl-Heinz-Kuckuk-150x150.jpg\" class=\"attachment-thumbnail size-thumbnail\" alt=\"\" aria-describedby=\"gallery-1-4094\" \/><\/a>\n\t\t\t<\/div>\n\t\t\t\t<figcaption class='wp-caption-text gallery-caption' id='gallery-1-4094'>\n\t\t\t\t1991 &#038; 1999 Karl-Heinz und Anni Kuckuck\n\t\t\t\t<\/figcaption><\/figure><figure class='gallery-item'>\n\t\t\t<div class='gallery-icon landscape'>\n\t\t\t\t<a href='https:\/\/schuetzen-neuenheerse.de\/?attachment_id=3689'><img loading=\"lazy\" decoding=\"async\" width=\"150\" height=\"150\" src=\"https:\/\/schuetzen-neuenheerse.de\/wp-content\/uploads\/2019\/07\/1998-Knorrenschild-Martin-und-Monika-1-150x150.jpg\" class=\"attachment-thumbnail size-thumbnail\" alt=\"\" aria-describedby=\"gallery-1-3689\" \/><\/a>\n\t\t\t<\/div>\n\t\t\t\t<figcaption class='wp-caption-text gallery-caption' id='gallery-1-3689'>\n\t\t\t\t1998 &#8211; Knorrenschild, Martin und Monika\n\t\t\t\t<\/figcaption><\/figure><figure class='gallery-item'>\n\t\t\t<div class='gallery-icon landscape'>\n\t\t\t\t<a href='https:\/\/schuetzen-neuenheerse.de\/?attachment_id=3671'><img loading=\"lazy\" decoding=\"async\" width=\"150\" height=\"150\" src=\"https:\/\/schuetzen-neuenheerse.de\/wp-content\/uploads\/2019\/07\/1997-Arens-Josef-und-Sievers-Beate-1-150x150.jpg\" class=\"attachment-thumbnail size-thumbnail\" alt=\"\" aria-describedby=\"gallery-1-3671\" \/><\/a>\n\t\t\t<\/div>\n\t\t\t\t<figcaption class='wp-caption-text gallery-caption' id='gallery-1-3671'>\n\t\t\t\t1997 &#8211; Arens Josef und Sievers Beate\n\t\t\t\t<\/figcaption><\/figure><figure class='gallery-item'>\n\t\t\t<div class='gallery-icon portrait'>\n\t\t\t\t<a href='https:\/\/schuetzen-neuenheerse.de\/?attachment_id=3670'><img loading=\"lazy\" decoding=\"async\" width=\"150\" height=\"150\" src=\"https:\/\/schuetzen-neuenheerse.de\/wp-content\/uploads\/2019\/07\/1995-Bruentrup-Uwe-und-Beatrix-150x150.jpg\" class=\"attachment-thumbnail size-thumbnail\" alt=\"\" aria-describedby=\"gallery-1-3670\" \/><\/a>\n\t\t\t<\/div>\n\t\t\t\t<figcaption class='wp-caption-text gallery-caption' id='gallery-1-3670'>\n\t\t\t\t1995 &#8211; Br\u00fcntrup Uwe und Beatrix\n\t\t\t\t<\/figcaption><\/figure><figure class='gallery-item'>\n\t\t\t<div class='gallery-icon portrait'>\n\t\t\t\t<a href='https:\/\/schuetzen-neuenheerse.de\/?attachment_id=3676'><img loading=\"lazy\" decoding=\"async\" width=\"150\" height=\"150\" src=\"https:\/\/schuetzen-neuenheerse.de\/wp-content\/uploads\/2019\/07\/1992-Schwarze-Karl-Heinz-und-Arens-Marianne-1-1-150x150.jpg\" class=\"attachment-thumbnail size-thumbnail\" alt=\"\" aria-describedby=\"gallery-1-3676\" srcset=\"https:\/\/schuetzen-neuenheerse.de\/wp-content\/uploads\/2019\/07\/1992-Schwarze-Karl-Heinz-und-Arens-Marianne-1-1-150x150.jpg 150w, https:\/\/schuetzen-neuenheerse.de\/wp-content\/uploads\/2019\/07\/1992-Schwarze-Karl-Heinz-und-Arens-Marianne-1-1-300x300.jpg 300w, https:\/\/schuetzen-neuenheerse.de\/wp-content\/uploads\/2019\/07\/1992-Schwarze-Karl-Heinz-und-Arens-Marianne-1-1-768x771.jpg 768w, https:\/\/schuetzen-neuenheerse.de\/wp-content\/uploads\/2019\/07\/1992-Schwarze-Karl-Heinz-und-Arens-Marianne-1-1.jpg 893w\" sizes=\"auto, (max-width: 150px) 100vw, 150px\" \/><\/a>\n\t\t\t<\/div>\n\t\t\t\t<figcaption class='wp-caption-text gallery-caption' id='gallery-1-3676'>\n\t\t\t\t1992 &#8211; Schwarze Karl-Heinz und Arens Marianne\n\t\t\t\t<\/figcaption><\/figure><figure class='gallery-item'>\n\t\t\t<div class='gallery-icon landscape'>\n\t\t\t\t<a href='https:\/\/schuetzen-neuenheerse.de\/?attachment_id=9181'><img loading=\"lazy\" decoding=\"async\" width=\"150\" height=\"150\" src=\"https:\/\/schuetzen-neuenheerse.de\/wp-content\/uploads\/2025\/07\/IMG_3007-150x150.jpg\" class=\"attachment-thumbnail size-thumbnail\" alt=\"\" aria-describedby=\"gallery-1-9181\" \/><\/a>\n\t\t\t<\/div>\n\t\t\t\t<figcaption class='wp-caption-text gallery-caption' id='gallery-1-9181'>\n\t\t\t\t1985 &#8211; Adelheid und Hans-Werner S\u00f6kefeld\n\t\t\t\t<\/figcaption><\/figure><figure class='gallery-item'>\n\t\t\t<div class='gallery-icon portrait'>\n\t\t\t\t<a href='https:\/\/schuetzen-neuenheerse.de\/?attachment_id=4674'><img loading=\"lazy\" decoding=\"async\" width=\"150\" height=\"150\" src=\"https:\/\/schuetzen-neuenheerse.de\/wp-content\/uploads\/2021\/08\/1981-06-30-Krone-wickeln-2-1-150x150.jpg\" class=\"attachment-thumbnail size-thumbnail\" alt=\"\" aria-describedby=\"gallery-1-4674\" srcset=\"https:\/\/schuetzen-neuenheerse.de\/wp-content\/uploads\/2021\/08\/1981-06-30-Krone-wickeln-2-1-150x150.jpg 150w, https:\/\/schuetzen-neuenheerse.de\/wp-content\/uploads\/2021\/08\/1981-06-30-Krone-wickeln-2-1-300x300.jpg 300w, https:\/\/schuetzen-neuenheerse.de\/wp-content\/uploads\/2021\/08\/1981-06-30-Krone-wickeln-2-1-1019x1024.jpg 1019w, https:\/\/schuetzen-neuenheerse.de\/wp-content\/uploads\/2021\/08\/1981-06-30-Krone-wickeln-2-1-768x772.jpg 768w, https:\/\/schuetzen-neuenheerse.de\/wp-content\/uploads\/2021\/08\/1981-06-30-Krone-wickeln-2-1.jpg 1026w\" sizes=\"auto, (max-width: 150px) 100vw, 150px\" \/><\/a>\n\t\t\t<\/div>\n\t\t\t\t<figcaption class='wp-caption-text gallery-caption' id='gallery-1-4674'>\n\t\t\t\t1981 &#8211; Helga und Franz Hicker\n\t\t\t\t<\/figcaption><\/figure><figure class='gallery-item'>\n\t\t\t<div class='gallery-icon landscape'>\n\t\t\t\t<a href='https:\/\/schuetzen-neuenheerse.de\/?attachment_id=3668'><img loading=\"lazy\" decoding=\"async\" width=\"150\" height=\"150\" src=\"https:\/\/schuetzen-neuenheerse.de\/wp-content\/uploads\/2019\/07\/1975-Berendes-Gerd-und-Pelizaeus-Ruth-150x150.jpg\" class=\"attachment-thumbnail size-thumbnail\" alt=\"\" aria-describedby=\"gallery-1-3668\" \/><\/a>\n\t\t\t<\/div>\n\t\t\t\t<figcaption class='wp-caption-text gallery-caption' id='gallery-1-3668'>\n\t\t\t\t1975 &#8211; Berendes Gerd und Peliz\u00e4us Ruth\n\t\t\t\t<\/figcaption><\/figure>\n\t\t<\/div>\n\n","protected":false},"excerpt":{"rendered":"<p>Seit vielen Jahren ist es in unserer Bruderschaft Tradition ein Foto vom K\u00f6nigspaar in der frisch gewickelten Krone zu machen. Dabei wird das Lied &#8222;Es waren zwei K\u00f6nigskinder&#8220; gesungen! Um die Galerie mit den Sch\u00e4tzen aus dem Fotoalbum zu f\u00fcllen bitten wir um eure Unterst\u00fctzung. Bitte sendet eure &#8222;Kronenbilder&#8220; an oberst@schuetzen-neuenheerse.de\u00a0 oder per Whatsapp an &hellip; <a href=\"https:\/\/schuetzen-neuenheerse.de\/?page_id=3665\" class=\"more-link\"><span class=\"screen-reader-text\">Wir waren 2 K\u00f6nigskinder<\/span> weiterlesen <span class=\"meta-nav\">&rarr;<\/span><\/a><\/p>\n","protected":false},"author":1,"featured_media":0,"parent":0,"menu_order":0,"comment_status":"closed","ping_status":"closed","template":"","meta":{"footnotes":""},"class_list":["post-3665","page","type-page","status-publish","hentry"],"_links":{"self":[{"href":"https:\/\/schuetzen-neuenheerse.de\/index.php?rest_route=\/wp\/v2\/pages\/3665","targetHints":{"allow":["GET"]}}],"collection":[{"href":"https:\/\/schuetzen-neuenheerse.de\/index.php?rest_route=\/wp\/v2\/pages"}],"about":[{"href":"https:\/\/schuetzen-neuenheerse.de\/index.php?rest_route=\/wp\/v2\/types\/page"}],"author":[{"embeddable":true,"href":"https:\/\/schuetzen-neuenheerse.de\/index.php?rest_route=\/wp\/v2\/users\/1"}],"replies":[{"embeddable":true,"href":"https:\/\/schuetzen-neuenheerse.de\/index.php?rest_route=%2Fwp%2Fv2%2Fcomments&post=3665"}],"version-history":[{"count":4,"href":"https:\/\/schuetzen-neuenheerse.de\/index.php?rest_route=\/wp\/v2\/pages\/3665\/revisions"}],"predecessor-version":[{"id":9422,"href":"https:\/\/schuetzen-neuenheerse.de\/index.php?rest_route=\/wp\/v2\/pages\/3665\/revisions\/9422"}],"wp:attachment":[{"href":"https:\/\/schuetzen-neuenheerse.de\/index.php?rest_route=%2Fwp%2Fv2%2Fmedia&parent=3665"}],"curies":[{"name":"wp","href":"https:\/\/api.w.org\/{rel}","templated":true}]}}