{"id":317,"date":"2016-12-20T22:10:22","date_gmt":"2016-12-20T21:10:22","guid":{"rendered":"http:\/\/www.schuetzen-neuenheerse.de\/?page_id=317"},"modified":"2025-02-25T08:38:59","modified_gmt":"2025-02-25T07:38:59","slug":"satzung","status":"publish","type":"page","link":"https:\/\/schuetzen-neuenheerse.de\/?page_id=317","title":{"rendered":"Satzung"},"content":{"rendered":"<p>Zum runterladen der Satzung und Gesch\u00e4ftsordnung bitte klicken:<\/p>\n<p><a href=\"https:\/\/schuetzen-neuenheerse.de\/wp-content\/uploads\/2016\/12\/Satzung-Schuetzenbruderschaft-Neuenheerse-Schuetzenbruderschaft-Stand-30.06.2017.pdf\">Satzung Sch\u00fctzenbruderschaft Neuenheerse Sch\u00fctzenbruderschaft Stand 30.06.2017<\/a><\/p>\n<p><a href=\"https:\/\/schuetzen-neuenheerse.de\/wp-content\/uploads\/2025\/02\/Geschaeftsordung-vom-25.01.2025.pdf\">Gesch\u00e4ftsordnung vom 25.01.2025<\/a><\/p>\n<p><a href=\"https:\/\/schuetzen-neuenheerse.de\/wp-content\/uploads\/2016\/12\/Statut_BHDS-1.pdf\">Statut_BHDS<\/a><\/p>\n<p><a href=\"https:\/\/schuetzen-neuenheerse.de\/wp-content\/uploads\/2016\/12\/Sportortnung-BHDS-1.pdf\">Sportordnung BHDS<\/a><\/p>\n","protected":false},"excerpt":{"rendered":"<p>Zum runterladen der Satzung und Gesch\u00e4ftsordnung bitte klicken: Satzung Sch\u00fctzenbruderschaft Neuenheerse Sch\u00fctzenbruderschaft Stand 30.06.2017 Gesch\u00e4ftsordnung vom 25.01.2025 Statut_BHDS Sportordnung BHDS<\/p>\n","protected":false},"author":1,"featured_media":0,"parent":0,"menu_order":0,"comment_status":"closed","ping_status":"closed","template":"","meta":{"footnotes":""},"class_list":["post-317","page","type-page","status-publish","hentry"],"_links":{"self":[{"href":"https:\/\/schuetzen-neuenheerse.de\/index.php?rest_route=\/wp\/v2\/pages\/317","targetHints":{"allow":["GET"]}}],"collection":[{"href":"https:\/\/schuetzen-neuenheerse.de\/index.php?rest_route=\/wp\/v2\/pages"}],"about":[{"href":"https:\/\/schuetzen-neuenheerse.de\/index.php?rest_route=\/wp\/v2\/types\/page"}],"author":[{"embeddable":true,"href":"https:\/\/schuetzen-neuenheerse.de\/index.php?rest_route=\/wp\/v2\/users\/1"}],"replies":[{"embeddable":true,"href":"https:\/\/schuetzen-neuenheerse.de\/index.php?rest_route=%2Fwp%2Fv2%2Fcomments&post=317"}],"version-history":[{"count":7,"href":"https:\/\/schuetzen-neuenheerse.de\/index.php?rest_route=\/wp\/v2\/pages\/317\/revisions"}],"predecessor-version":[{"id":8910,"href":"https:\/\/schuetzen-neuenheerse.de\/index.php?rest_route=\/wp\/v2\/pages\/317\/revisions\/8910"}],"wp:attachment":[{"href":"https:\/\/schuetzen-neuenheerse.de\/index.php?rest_route=%2Fwp%2Fv2%2Fmedia&parent=317"}],"curies":[{"name":"wp","href":"https:\/\/api.w.org\/{rel}","templated":true}]}}