{"id":301,"date":"2016-12-20T22:08:46","date_gmt":"2016-12-20T21:08:46","guid":{"rendered":"http:\/\/www.schuetzen-neuenheerse.de\/?page_id=301"},"modified":"2023-07-03T10:43:43","modified_gmt":"2023-07-03T08:43:43","slug":"vorstand","status":"publish","type":"page","link":"https:\/\/schuetzen-neuenheerse.de\/?page_id=301","title":{"rendered":"Gesch\u00e4ftsf\u00fchrender Vorstand"},"content":{"rendered":"<p><img loading=\"lazy\" decoding=\"async\" class=\"alignnone wp-image-4787 size-medium\" src=\"http:\/\/schuetzenbruderschaft-neuenheerse.de\/wp-content\/uploads\/2016\/12\/IMG_9559-1-232x300.jpg\" alt=\"IMG_9559\" width=\"232\" height=\"300\" srcset=\"https:\/\/schuetzen-neuenheerse.de\/wp-content\/uploads\/2016\/12\/IMG_9559-1-232x300.jpg 232w, https:\/\/schuetzen-neuenheerse.de\/wp-content\/uploads\/2016\/12\/IMG_9559-1-790x1024.jpg 790w, https:\/\/schuetzen-neuenheerse.de\/wp-content\/uploads\/2016\/12\/IMG_9559-1-768x995.jpg 768w, https:\/\/schuetzen-neuenheerse.de\/wp-content\/uploads\/2016\/12\/IMG_9559-1-1186x1536.jpg 1186w, https:\/\/schuetzen-neuenheerse.de\/wp-content\/uploads\/2016\/12\/IMG_9559-1-1581x2048.jpg 1581w, https:\/\/schuetzen-neuenheerse.de\/wp-content\/uploads\/2016\/12\/IMG_9559-1-1320x1710.jpg 1320w, https:\/\/schuetzen-neuenheerse.de\/wp-content\/uploads\/2016\/12\/IMG_9559-1-scaled.jpg 1976w\" sizes=\"auto, (max-width: 232px) 100vw, 232px\" \/><br \/>\n1. Vorsitzender<br \/>\n<strong>Oberst Dirk Garbowsky<\/strong><br \/>\n<a class=\"fancybox\" href=\"#contactGarbowsky\">oberst@schuetzen-neuenheerse.de<\/a><\/p>\n<p><img loading=\"lazy\" decoding=\"async\" class=\"alignnone wp-image-2338 size-medium\" src=\"http:\/\/schuetzenbruderschaft-neuenheerse.de\/wp-content\/uploads\/2017\/02\/05_Johannes-Hesse-1-223x300.jpg\" alt=\"05_Johannes Hesse\" width=\"223\" height=\"300\" srcset=\"https:\/\/schuetzen-neuenheerse.de\/wp-content\/uploads\/2017\/02\/05_Johannes-Hesse-1-223x300.jpg 223w, https:\/\/schuetzen-neuenheerse.de\/wp-content\/uploads\/2017\/02\/05_Johannes-Hesse-1-763x1024.jpg 763w, https:\/\/schuetzen-neuenheerse.de\/wp-content\/uploads\/2017\/02\/05_Johannes-Hesse-1-768x1031.jpg 768w, https:\/\/schuetzen-neuenheerse.de\/wp-content\/uploads\/2017\/02\/05_Johannes-Hesse-1-1144x1536.jpg 1144w, https:\/\/schuetzen-neuenheerse.de\/wp-content\/uploads\/2017\/02\/05_Johannes-Hesse-1-1525x2048.jpg 1525w, https:\/\/schuetzen-neuenheerse.de\/wp-content\/uploads\/2017\/02\/05_Johannes-Hesse-1-1320x1773.jpg 1320w, https:\/\/schuetzen-neuenheerse.de\/wp-content\/uploads\/2017\/02\/05_Johannes-Hesse-1.jpg 1750w\" sizes=\"auto, (max-width: 223px) 100vw, 223px\" \/><br \/>\n2. Vorsitzender<br \/>\n<strong>Major Johannes Hesse<\/strong><br \/>\n<a class=\"fancybox\" href=\"#contactHesse\">major@schuetzen-neuenheerse.de<\/a><\/p>\n<p><img loading=\"lazy\" decoding=\"async\" class=\"alignnone wp-image-2337 size-medium\" src=\"http:\/\/schuetzenbruderschaft-neuenheerse.de\/wp-content\/uploads\/2017\/02\/04_Hubertus-Heising-1-e1688207927288-223x300.jpg\" alt=\"04_Hubertus Heising\" width=\"223\" height=\"300\" srcset=\"https:\/\/schuetzen-neuenheerse.de\/wp-content\/uploads\/2017\/02\/04_Hubertus-Heising-1-e1688207927288-223x300.jpg 223w, https:\/\/schuetzen-neuenheerse.de\/wp-content\/uploads\/2017\/02\/04_Hubertus-Heising-1-e1688207927288-763x1024.jpg 763w, https:\/\/schuetzen-neuenheerse.de\/wp-content\/uploads\/2017\/02\/04_Hubertus-Heising-1-e1688207927288-768x1031.jpg 768w, https:\/\/schuetzen-neuenheerse.de\/wp-content\/uploads\/2017\/02\/04_Hubertus-Heising-1-e1688207927288-1144x1536.jpg 1144w, https:\/\/schuetzen-neuenheerse.de\/wp-content\/uploads\/2017\/02\/04_Hubertus-Heising-1-e1688207927288-1525x2048.jpg 1525w, https:\/\/schuetzen-neuenheerse.de\/wp-content\/uploads\/2017\/02\/04_Hubertus-Heising-1-e1688207927288-1320x1773.jpg 1320w, https:\/\/schuetzen-neuenheerse.de\/wp-content\/uploads\/2017\/02\/04_Hubertus-Heising-1-e1688207927288.jpg 1750w\" sizes=\"auto, (max-width: 223px) 100vw, 223px\" \/><br \/>\nRechnungsf\u00fchrer<br \/>\n<strong>Hubertus Heising<\/strong><br \/>\n<a class=\"fancybox\" href=\"#contactHeising\">rechnungsfuehrer@schuetzen-neuenheerse.de<\/a><\/p>\n<p><img loading=\"lazy\" decoding=\"async\" class=\"alignnone wp-image-4789 size-medium\" src=\"http:\/\/schuetzenbruderschaft-neuenheerse.de\/wp-content\/uploads\/2016\/12\/IMG_9519-Kopie-1-222x300.jpg\" alt=\"IMG_9519 - Kopie\" width=\"222\" height=\"300\" srcset=\"https:\/\/schuetzen-neuenheerse.de\/wp-content\/uploads\/2016\/12\/IMG_9519-Kopie-1-222x300.jpg 222w, https:\/\/schuetzen-neuenheerse.de\/wp-content\/uploads\/2016\/12\/IMG_9519-Kopie-1-759x1024.jpg 759w, https:\/\/schuetzen-neuenheerse.de\/wp-content\/uploads\/2016\/12\/IMG_9519-Kopie-1-768x1036.jpg 768w, https:\/\/schuetzen-neuenheerse.de\/wp-content\/uploads\/2016\/12\/IMG_9519-Kopie-1-1138x1536.jpg 1138w, https:\/\/schuetzen-neuenheerse.de\/wp-content\/uploads\/2016\/12\/IMG_9519-Kopie-1-1518x2048.jpg 1518w, https:\/\/schuetzen-neuenheerse.de\/wp-content\/uploads\/2016\/12\/IMG_9519-Kopie-1-1320x1781.jpg 1320w, https:\/\/schuetzen-neuenheerse.de\/wp-content\/uploads\/2016\/12\/IMG_9519-Kopie-1-scaled.jpg 1897w\" sizes=\"auto, (max-width: 222px) 100vw, 222px\" \/><br \/>\nSchriftf\u00fchrer<br \/>\n<strong>J\u00fcrgen Brandt<\/strong><br \/>\n<a class=\"fancybox\" href=\"#contactBrandt\">schriftfuehrer@schuetzen-neuenheerse.de<\/a><\/p>\n<div style=\"display: none;\">\n<div id=\"contactGarbowsky\">\n<div class=\"wpcf7 no-js\" id=\"wpcf7-f1418-o1\" lang=\"de-DE\" dir=\"ltr\" data-wpcf7-id=\"1418\">\n<div class=\"screen-reader-response\"><p role=\"status\" aria-live=\"polite\" aria-atomic=\"true\"><\/p> <ul><\/ul><\/div>\n<form action=\"\/index.php?rest_route=%2Fwp%2Fv2%2Fpages%2F301#wpcf7-f1418-o1\" method=\"post\" class=\"wpcf7-form init\" aria-label=\"Kontaktformular\" novalidate=\"novalidate\" data-status=\"init\">\n<fieldset class=\"hidden-fields-container\"><input type=\"hidden\" name=\"_wpcf7\" value=\"1418\" \/><input type=\"hidden\" name=\"_wpcf7_version\" value=\"6.1.5\" \/><input type=\"hidden\" name=\"_wpcf7_locale\" value=\"de_DE\" \/><input type=\"hidden\" name=\"_wpcf7_unit_tag\" value=\"wpcf7-f1418-o1\" \/><input type=\"hidden\" name=\"_wpcf7_container_post\" value=\"0\" \/><input type=\"hidden\" name=\"_wpcf7_posted_data_hash\" value=\"\" \/>\n<\/fieldset>\n<p><label> Ihr Name (Pflichtfeld)<br \/>\n<span class=\"wpcf7-form-control-wrap\" data-name=\"your-name\"><input size=\"40\" maxlength=\"400\" class=\"wpcf7-form-control wpcf7-text wpcf7-validates-as-required\" aria-required=\"true\" aria-invalid=\"false\" value=\"\" type=\"text\" name=\"your-name\" \/><\/span> <\/label>\n<\/p>\n<p><label> Ihre E-Mail-Adresse (Pflichtfeld)<br \/>\n<span class=\"wpcf7-form-control-wrap\" data-name=\"your-email\"><input size=\"40\" maxlength=\"400\" class=\"wpcf7-form-control wpcf7-email wpcf7-validates-as-required wpcf7-text wpcf7-validates-as-email\" aria-required=\"true\" aria-invalid=\"false\" value=\"\" type=\"email\" name=\"your-email\" \/><\/span> <\/label>\n<\/p>\n<p><label> Betreff<br \/>\n<span class=\"wpcf7-form-control-wrap\" data-name=\"your-subject\"><input size=\"40\" maxlength=\"400\" class=\"wpcf7-form-control wpcf7-text\" aria-invalid=\"false\" value=\"\" type=\"text\" name=\"your-subject\" \/><\/span> <\/label>\n<\/p>\n<p><label> Ihre Nachricht<br \/>\n<span class=\"wpcf7-form-control-wrap\" data-name=\"your-message\"><textarea cols=\"40\" rows=\"10\" maxlength=\"2000\" class=\"wpcf7-form-control wpcf7-textarea\" aria-invalid=\"false\" name=\"your-message\"><\/textarea><\/span> <\/label>\n<\/p>\n<p><input class=\"wpcf7-form-control wpcf7-submit has-spinner\" type=\"submit\" value=\"Senden\" \/>\n<\/p><div class=\"wpcf7-response-output\" aria-hidden=\"true\"><\/div>\n<\/form>\n<\/div>\n<\/div>\n<\/div>\n<div style=\"display: none;\">\n<div id=\"contactHesse\">\n<div class=\"wpcf7 no-js\" id=\"wpcf7-f1420-o2\" lang=\"de-DE\" dir=\"ltr\" data-wpcf7-id=\"1420\">\n<div class=\"screen-reader-response\"><p role=\"status\" aria-live=\"polite\" aria-atomic=\"true\"><\/p> <ul><\/ul><\/div>\n<form action=\"\/index.php?rest_route=%2Fwp%2Fv2%2Fpages%2F301#wpcf7-f1420-o2\" method=\"post\" class=\"wpcf7-form init\" aria-label=\"Kontaktformular\" novalidate=\"novalidate\" data-status=\"init\">\n<fieldset class=\"hidden-fields-container\"><input type=\"hidden\" name=\"_wpcf7\" value=\"1420\" \/><input type=\"hidden\" name=\"_wpcf7_version\" value=\"6.1.5\" \/><input type=\"hidden\" name=\"_wpcf7_locale\" value=\"de_DE\" \/><input type=\"hidden\" name=\"_wpcf7_unit_tag\" value=\"wpcf7-f1420-o2\" \/><input type=\"hidden\" name=\"_wpcf7_container_post\" value=\"0\" \/><input type=\"hidden\" name=\"_wpcf7_posted_data_hash\" value=\"\" \/>\n<\/fieldset>\n<p><label> Ihr Name (Pflichtfeld)<br \/>\n<span class=\"wpcf7-form-control-wrap\" data-name=\"your-name\"><input size=\"40\" maxlength=\"400\" class=\"wpcf7-form-control wpcf7-text wpcf7-validates-as-required\" aria-required=\"true\" aria-invalid=\"false\" value=\"\" type=\"text\" name=\"your-name\" \/><\/span> <\/label>\n<\/p>\n<p><label> Ihre E-Mail-Adresse (Pflichtfeld)<br \/>\n<span class=\"wpcf7-form-control-wrap\" data-name=\"your-email\"><input size=\"40\" maxlength=\"400\" class=\"wpcf7-form-control wpcf7-email wpcf7-validates-as-required wpcf7-text wpcf7-validates-as-email\" aria-required=\"true\" aria-invalid=\"false\" value=\"\" type=\"email\" name=\"your-email\" \/><\/span> <\/label>\n<\/p>\n<p><label> Betreff<br \/>\n<span class=\"wpcf7-form-control-wrap\" data-name=\"your-subject\"><input size=\"40\" maxlength=\"400\" class=\"wpcf7-form-control wpcf7-text\" aria-invalid=\"false\" value=\"\" type=\"text\" name=\"your-subject\" \/><\/span> <\/label>\n<\/p>\n<p><label> Ihre Nachricht<br \/>\n<span class=\"wpcf7-form-control-wrap\" data-name=\"your-message\"><textarea cols=\"40\" rows=\"10\" maxlength=\"2000\" class=\"wpcf7-form-control wpcf7-textarea\" aria-invalid=\"false\" name=\"your-message\"><\/textarea><\/span> <\/label>\n<\/p>\n<p><input class=\"wpcf7-form-control wpcf7-submit has-spinner\" type=\"submit\" value=\"Senden\" \/>\n<\/p><div class=\"wpcf7-response-output\" aria-hidden=\"true\"><\/div>\n<\/form>\n<\/div>\n<\/div>\n<\/div>\n<div style=\"display: none;\">\n<div id=\"contactHeising\">\n<div class=\"wpcf7 no-js\" id=\"wpcf7-f1412-o3\" lang=\"de-DE\" dir=\"ltr\" data-wpcf7-id=\"1412\">\n<div class=\"screen-reader-response\"><p role=\"status\" aria-live=\"polite\" aria-atomic=\"true\"><\/p> <ul><\/ul><\/div>\n<form action=\"\/index.php?rest_route=%2Fwp%2Fv2%2Fpages%2F301#wpcf7-f1412-o3\" method=\"post\" class=\"wpcf7-form init\" aria-label=\"Kontaktformular\" novalidate=\"novalidate\" data-status=\"init\">\n<fieldset class=\"hidden-fields-container\"><input type=\"hidden\" name=\"_wpcf7\" value=\"1412\" \/><input type=\"hidden\" name=\"_wpcf7_version\" value=\"6.1.5\" \/><input type=\"hidden\" name=\"_wpcf7_locale\" value=\"de_DE\" \/><input type=\"hidden\" name=\"_wpcf7_unit_tag\" value=\"wpcf7-f1412-o3\" \/><input type=\"hidden\" name=\"_wpcf7_container_post\" value=\"0\" \/><input type=\"hidden\" name=\"_wpcf7_posted_data_hash\" value=\"\" \/>\n<\/fieldset>\n<p><label> Ihr Name (Pflichtfeld)<br \/>\n<span class=\"wpcf7-form-control-wrap\" data-name=\"your-name\"><input size=\"40\" maxlength=\"400\" class=\"wpcf7-form-control wpcf7-text wpcf7-validates-as-required\" aria-required=\"true\" aria-invalid=\"false\" value=\"\" type=\"text\" name=\"your-name\" \/><\/span> <\/label>\n<\/p>\n<p><label> Ihre E-Mail-Adresse (Pflichtfeld)<br \/>\n<span class=\"wpcf7-form-control-wrap\" data-name=\"your-email\"><input size=\"40\" maxlength=\"400\" class=\"wpcf7-form-control wpcf7-email wpcf7-validates-as-required wpcf7-text wpcf7-validates-as-email\" aria-required=\"true\" aria-invalid=\"false\" value=\"\" type=\"email\" name=\"your-email\" \/><\/span> <\/label>\n<\/p>\n<p><label> Betreff<br \/>\n<span class=\"wpcf7-form-control-wrap\" data-name=\"your-subject\"><input size=\"40\" maxlength=\"400\" class=\"wpcf7-form-control wpcf7-text\" aria-invalid=\"false\" value=\"\" type=\"text\" name=\"your-subject\" \/><\/span> <\/label>\n<\/p>\n<p><label> Ihre Nachricht<br \/>\n<span class=\"wpcf7-form-control-wrap\" data-name=\"your-message\"><textarea cols=\"40\" rows=\"10\" maxlength=\"2000\" class=\"wpcf7-form-control wpcf7-textarea\" aria-invalid=\"false\" name=\"your-message\"><\/textarea><\/span> <\/label>\n<\/p>\n<p><input class=\"wpcf7-form-control wpcf7-submit has-spinner\" type=\"submit\" value=\"Senden\" \/>\n<\/p><div class=\"wpcf7-response-output\" aria-hidden=\"true\"><\/div>\n<\/form>\n<\/div>\n<\/div>\n<\/div>\n<div style=\"display: none;\">\n<div id=\"contactBrandt\">\n<div class=\"wpcf7 no-js\" id=\"wpcf7-f1422-o4\" lang=\"de-DE\" dir=\"ltr\" data-wpcf7-id=\"1422\">\n<div class=\"screen-reader-response\"><p role=\"status\" aria-live=\"polite\" aria-atomic=\"true\"><\/p> <ul><\/ul><\/div>\n<form action=\"\/index.php?rest_route=%2Fwp%2Fv2%2Fpages%2F301#wpcf7-f1422-o4\" method=\"post\" class=\"wpcf7-form init\" aria-label=\"Kontaktformular\" novalidate=\"novalidate\" data-status=\"init\">\n<fieldset class=\"hidden-fields-container\"><input type=\"hidden\" name=\"_wpcf7\" value=\"1422\" \/><input type=\"hidden\" name=\"_wpcf7_version\" value=\"6.1.5\" \/><input type=\"hidden\" name=\"_wpcf7_locale\" value=\"de_DE\" \/><input type=\"hidden\" name=\"_wpcf7_unit_tag\" value=\"wpcf7-f1422-o4\" \/><input type=\"hidden\" name=\"_wpcf7_container_post\" value=\"0\" \/><input type=\"hidden\" name=\"_wpcf7_posted_data_hash\" value=\"\" \/>\n<\/fieldset>\n<p><label> Ihr Name (Pflichtfeld)<br \/>\n<span class=\"wpcf7-form-control-wrap\" data-name=\"your-name\"><input size=\"40\" maxlength=\"400\" class=\"wpcf7-form-control wpcf7-text wpcf7-validates-as-required\" aria-required=\"true\" aria-invalid=\"false\" value=\"\" type=\"text\" name=\"your-name\" \/><\/span> <\/label>\n<\/p>\n<p><label> Ihre E-Mail-Adresse (Pflichtfeld)<br \/>\n<span class=\"wpcf7-form-control-wrap\" data-name=\"your-email\"><input size=\"40\" maxlength=\"400\" class=\"wpcf7-form-control wpcf7-email wpcf7-validates-as-required wpcf7-text wpcf7-validates-as-email\" aria-required=\"true\" aria-invalid=\"false\" value=\"\" type=\"email\" name=\"your-email\" \/><\/span> <\/label>\n<\/p>\n<p><label> Betreff<br \/>\n<span class=\"wpcf7-form-control-wrap\" data-name=\"your-subject\"><input size=\"40\" maxlength=\"400\" class=\"wpcf7-form-control wpcf7-text\" aria-invalid=\"false\" value=\"\" type=\"text\" name=\"your-subject\" \/><\/span> <\/label>\n<\/p>\n<p><label> Ihre Nachricht<br \/>\n<span class=\"wpcf7-form-control-wrap\" data-name=\"your-message\"><textarea cols=\"40\" rows=\"10\" maxlength=\"2000\" class=\"wpcf7-form-control wpcf7-textarea\" aria-invalid=\"false\" name=\"your-message\"><\/textarea><\/span> <\/label>\n<\/p>\n<p><input class=\"wpcf7-form-control wpcf7-submit has-spinner\" type=\"submit\" value=\"Senden\" \/>\n<\/p><div class=\"wpcf7-response-output\" aria-hidden=\"true\"><\/div>\n<\/form>\n<\/div>\n<\/div>\n<\/div>\n","protected":false},"excerpt":{"rendered":"<p>1. Vorsitzender Oberst Dirk Garbowsky oberst@schuetzen-neuenheerse.de 2. Vorsitzender Major Johannes Hesse major@schuetzen-neuenheerse.de Rechnungsf\u00fchrer Hubertus Heising rechnungsfuehrer@schuetzen-neuenheerse.de Schriftf\u00fchrer J\u00fcrgen Brandt schriftfuehrer@schuetzen-neuenheerse.de<\/p>\n","protected":false},"author":1,"featured_media":0,"parent":0,"menu_order":0,"comment_status":"closed","ping_status":"closed","template":"","meta":{"footnotes":""},"class_list":["post-301","page","type-page","status-publish","hentry"],"_links":{"self":[{"href":"https:\/\/schuetzen-neuenheerse.de\/index.php?rest_route=\/wp\/v2\/pages\/301","targetHints":{"allow":["GET"]}}],"collection":[{"href":"https:\/\/schuetzen-neuenheerse.de\/index.php?rest_route=\/wp\/v2\/pages"}],"about":[{"href":"https:\/\/schuetzen-neuenheerse.de\/index.php?rest_route=\/wp\/v2\/types\/page"}],"author":[{"embeddable":true,"href":"https:\/\/schuetzen-neuenheerse.de\/index.php?rest_route=\/wp\/v2\/users\/1"}],"replies":[{"embeddable":true,"href":"https:\/\/schuetzen-neuenheerse.de\/index.php?rest_route=%2Fwp%2Fv2%2Fcomments&post=301"}],"version-history":[{"count":6,"href":"https:\/\/schuetzen-neuenheerse.de\/index.php?rest_route=\/wp\/v2\/pages\/301\/revisions"}],"predecessor-version":[{"id":6691,"href":"https:\/\/schuetzen-neuenheerse.de\/index.php?rest_route=\/wp\/v2\/pages\/301\/revisions\/6691"}],"wp:attachment":[{"href":"https:\/\/schuetzen-neuenheerse.de\/index.php?rest_route=%2Fwp%2Fv2%2Fmedia&parent=301"}],"curies":[{"name":"wp","href":"https:\/\/api.w.org\/{rel}","templated":true}]}}