{"id":1515,"date":"2017-06-13T11:47:58","date_gmt":"2017-06-13T09:47:58","guid":{"rendered":"http:\/\/www.schuetzen-neuenheerse.de\/?page_id=1515"},"modified":"2025-08-02T19:51:59","modified_gmt":"2025-08-02T17:51:59","slug":"kinderfahne","status":"publish","type":"page","link":"https:\/\/schuetzen-neuenheerse.de\/?page_id=1515","title":{"rendered":"Kinderfahne"},"content":{"rendered":"<h4 style=\"text-align: center;\">2025<\/h4>\n<p><img loading=\"lazy\" decoding=\"async\" class=\"alignnone wp-image-9337 \" src=\"https:\/\/schuetzen-neuenheerse.de\/wp-content\/uploads\/2025\/08\/IMG_1600-1024x877.jpg\" alt=\"\" width=\"502\" height=\"430\" srcset=\"https:\/\/schuetzen-neuenheerse.de\/wp-content\/uploads\/2025\/08\/IMG_1600-1024x877.jpg 1024w, https:\/\/schuetzen-neuenheerse.de\/wp-content\/uploads\/2025\/08\/IMG_1600-300x257.jpg 300w, https:\/\/schuetzen-neuenheerse.de\/wp-content\/uploads\/2025\/08\/IMG_1600-768x658.jpg 768w, https:\/\/schuetzen-neuenheerse.de\/wp-content\/uploads\/2025\/08\/IMG_1600-1320x1131.jpg 1320w, https:\/\/schuetzen-neuenheerse.de\/wp-content\/uploads\/2025\/08\/IMG_1600.jpg 1342w\" sizes=\"auto, (max-width: 502px) 100vw, 502px\" \/><\/p>\n<h4><strong>Fahnentr\u00e4ger: Leonor Clarke mit Antonia Marley und Marla Clarke<\/strong><\/h4>\n<h4 style=\"text-align: center;\">2024<\/h4>\n<p><img loading=\"lazy\" decoding=\"async\" class=\"alignnone wp-image-8332 size-full\" src=\"https:\/\/schuetzen-neuenheerse.de\/wp-content\/uploads\/2024\/06\/IMG_0152-scaled.jpg\" alt=\"\" width=\"2560\" height=\"1937\" srcset=\"https:\/\/schuetzen-neuenheerse.de\/wp-content\/uploads\/2024\/06\/IMG_0152-scaled.jpg 2560w, https:\/\/schuetzen-neuenheerse.de\/wp-content\/uploads\/2024\/06\/IMG_0152-300x227.jpg 300w, https:\/\/schuetzen-neuenheerse.de\/wp-content\/uploads\/2024\/06\/IMG_0152-1024x775.jpg 1024w, https:\/\/schuetzen-neuenheerse.de\/wp-content\/uploads\/2024\/06\/IMG_0152-768x581.jpg 768w, https:\/\/schuetzen-neuenheerse.de\/wp-content\/uploads\/2024\/06\/IMG_0152-1536x1162.jpg 1536w, https:\/\/schuetzen-neuenheerse.de\/wp-content\/uploads\/2024\/06\/IMG_0152-2048x1549.jpg 2048w, https:\/\/schuetzen-neuenheerse.de\/wp-content\/uploads\/2024\/06\/IMG_0152-1320x999.jpg 1320w\" sizes=\"auto, (max-width: 2560px) 100vw, 2560px\" \/><\/p>\n<p>Fahnentr\u00e4gerin: Isabella Klostermann mit Marc Langner und Lasse Michels<\/p>\n<h4 style=\"text-align: center;\"><strong>2023<\/strong><\/h4>\n<p><img loading=\"lazy\" decoding=\"async\" class=\"wp-image-6756  aligncenter\" src=\"https:\/\/schuetzen-neuenheerse.de\/wp-content\/uploads\/2023\/07\/008-2.jpg\" alt=\"\" width=\"494\" height=\"329\" srcset=\"https:\/\/schuetzen-neuenheerse.de\/wp-content\/uploads\/2023\/07\/008-2.jpg 2048w, https:\/\/schuetzen-neuenheerse.de\/wp-content\/uploads\/2023\/07\/008-2-300x200.jpg 300w, https:\/\/schuetzen-neuenheerse.de\/wp-content\/uploads\/2023\/07\/008-2-1024x683.jpg 1024w, https:\/\/schuetzen-neuenheerse.de\/wp-content\/uploads\/2023\/07\/008-2-768x512.jpg 768w, https:\/\/schuetzen-neuenheerse.de\/wp-content\/uploads\/2023\/07\/008-2-1536x1024.jpg 1536w, https:\/\/schuetzen-neuenheerse.de\/wp-content\/uploads\/2023\/07\/008-2-1320x880.jpg 1320w\" sizes=\"auto, (max-width: 494px) 100vw, 494px\" \/><\/p>\n<p>Fahnentr\u00e4gerin Malina Peters mit Isabell B\u00f6hler und Lasse Michels<\/p>\n<p style=\"text-align: center;\"><strong>2020\/22<\/strong><\/p>\n<p style=\"text-align: center;\"><img loading=\"lazy\" decoding=\"async\" class=\"wp-image-5076  aligncenter\" src=\"https:\/\/schuetzen-neuenheerse.de\/wp-content\/uploads\/2022\/05\/21-1-1024x773.jpg\" alt=\"21\" width=\"489\" height=\"369\" srcset=\"https:\/\/schuetzen-neuenheerse.de\/wp-content\/uploads\/2022\/05\/21-1-1024x773.jpg 1024w, https:\/\/schuetzen-neuenheerse.de\/wp-content\/uploads\/2022\/05\/21-1-300x227.jpg 300w, https:\/\/schuetzen-neuenheerse.de\/wp-content\/uploads\/2022\/05\/21-1-768x580.jpg 768w, https:\/\/schuetzen-neuenheerse.de\/wp-content\/uploads\/2022\/05\/21-1-1536x1160.jpg 1536w, https:\/\/schuetzen-neuenheerse.de\/wp-content\/uploads\/2022\/05\/21-1-2048x1547.jpg 2048w, https:\/\/schuetzen-neuenheerse.de\/wp-content\/uploads\/2022\/05\/21-1-1320x997.jpg 1320w\" sizes=\"auto, (max-width: 489px) 100vw, 489px\" \/><\/p>\n<p style=\"text-align: left;\">Fahnenabordnung 2020\/22\u00a0 &#8211; F\u00e4hnrich Lasse Michels mit seinen Fahnenoffizieren Lennard Wulf und Leonor Morris Clarke<\/p>\n<p style=\"text-align: center;\"><strong>2019<\/strong><\/p>\n<p style=\"text-align: center;\"><img loading=\"lazy\" decoding=\"async\" class=\"wp-image-3577 size-large aligncenter\" src=\"http:\/\/schuetzenbruderschaft-neuenheerse.de\/wp-content\/uploads\/2017\/06\/Fahnenabordnung-1-1024x803.jpg\" alt=\"Fahnenabordnung\" width=\"474\" height=\"372\" srcset=\"https:\/\/schuetzen-neuenheerse.de\/wp-content\/uploads\/2017\/06\/Fahnenabordnung-1-1024x803.jpg 1024w, https:\/\/schuetzen-neuenheerse.de\/wp-content\/uploads\/2017\/06\/Fahnenabordnung-1-300x235.jpg 300w, https:\/\/schuetzen-neuenheerse.de\/wp-content\/uploads\/2017\/06\/Fahnenabordnung-1-768x602.jpg 768w, https:\/\/schuetzen-neuenheerse.de\/wp-content\/uploads\/2017\/06\/Fahnenabordnung-1-1536x1204.jpg 1536w, https:\/\/schuetzen-neuenheerse.de\/wp-content\/uploads\/2017\/06\/Fahnenabordnung-1-2048x1606.jpg 2048w, https:\/\/schuetzen-neuenheerse.de\/wp-content\/uploads\/2017\/06\/Fahnenabordnung-1-1320x1035.jpg 1320w\" sizes=\"auto, (max-width: 474px) 100vw, 474px\" \/><\/p>\n<p style=\"text-align: left;\">Fahnenabordnung 2019\u00a0 &#8211; F\u00e4hnrich Ole Birkenfeld mit seinen Fahnenoffizieren Moritz Sommer und Leon Tegethoff<\/p>\n<p style=\"text-align: center;\"><strong>2018<\/strong><\/p>\n<p style=\"text-align: center;\"><img loading=\"lazy\" decoding=\"async\" class=\"wp-image-2733 size-large aligncenter\" src=\"http:\/\/schuetzenbruderschaft-neuenheerse.de\/wp-content\/uploads\/2018\/06\/Fahne-1-1024x683.jpg\" alt=\"Fahne\" width=\"474\" height=\"316\" srcset=\"https:\/\/schuetzen-neuenheerse.de\/wp-content\/uploads\/2018\/06\/Fahne-1-1024x683.jpg 1024w, https:\/\/schuetzen-neuenheerse.de\/wp-content\/uploads\/2018\/06\/Fahne-1-300x200.jpg 300w, https:\/\/schuetzen-neuenheerse.de\/wp-content\/uploads\/2018\/06\/Fahne-1-768x512.jpg 768w, https:\/\/schuetzen-neuenheerse.de\/wp-content\/uploads\/2018\/06\/Fahne-1-1536x1024.jpg 1536w, https:\/\/schuetzen-neuenheerse.de\/wp-content\/uploads\/2018\/06\/Fahne-1-2048x1365.jpg 2048w, https:\/\/schuetzen-neuenheerse.de\/wp-content\/uploads\/2018\/06\/Fahne-1-1320x880.jpg 1320w\" sizes=\"auto, (max-width: 474px) 100vw, 474px\" \/><\/p>\n<p style=\"text-align: left;\">Fahnenabordnung 2018\u00a0 &#8211; F\u00e4hnrich Mats Garbowsky mit seinen Fahnenoffizieren (links) Manuele Bertgen und (rechts) Lennart Wulf<\/p>\n<p style=\"text-align: center;\">***<\/p>\n<p style=\"text-align: center;\"><strong>2017<\/strong><\/p>\n<p><img loading=\"lazy\" decoding=\"async\" class=\"wp-image-1459 size-large aligncenter\" src=\"http:\/\/schuetzenbruderschaft-neuenheerse.de\/wp-content\/uploads\/2017\/06\/7-1-1024x870.jpg\" alt=\"7\" width=\"474\" height=\"403\" srcset=\"https:\/\/schuetzen-neuenheerse.de\/wp-content\/uploads\/2017\/06\/7-1-1024x870.jpg 1024w, https:\/\/schuetzen-neuenheerse.de\/wp-content\/uploads\/2017\/06\/7-1-300x255.jpg 300w, https:\/\/schuetzen-neuenheerse.de\/wp-content\/uploads\/2017\/06\/7-1-768x652.jpg 768w, https:\/\/schuetzen-neuenheerse.de\/wp-content\/uploads\/2017\/06\/7-1-1536x1305.jpg 1536w, https:\/\/schuetzen-neuenheerse.de\/wp-content\/uploads\/2017\/06\/7-1-2048x1740.jpg 2048w, https:\/\/schuetzen-neuenheerse.de\/wp-content\/uploads\/2017\/06\/7-1-1320x1121.jpg 1320w\" sizes=\"auto, (max-width: 474px) 100vw, 474px\" \/><\/p>\n<p>Fahnenabordnung 2017\u00a0 &#8211; F\u00e4hnrich Finn Ziegeroski mit seinen Fahnenoffizieren (links) Florian Herling und (rechts) Nick-Leon Meyer<\/p>\n","protected":false},"excerpt":{"rendered":"<p>2025 Fahnentr\u00e4ger: Leonor Clarke mit Antonia Marley und Marla Clarke 2024 Fahnentr\u00e4gerin: Isabella Klostermann mit Marc Langner und Lasse Michels 2023 Fahnentr\u00e4gerin Malina Peters mit Isabell B\u00f6hler und Lasse Michels 2020\/22 Fahnenabordnung 2020\/22\u00a0 &#8211; F\u00e4hnrich Lasse Michels mit seinen Fahnenoffizieren Lennard Wulf und Leonor Morris Clarke 2019 Fahnenabordnung 2019\u00a0 &#8211; F\u00e4hnrich Ole Birkenfeld mit seinen &hellip; <a href=\"https:\/\/schuetzen-neuenheerse.de\/?page_id=1515\" class=\"more-link\"><span class=\"screen-reader-text\">Kinderfahne<\/span> weiterlesen <span class=\"meta-nav\">&rarr;<\/span><\/a><\/p>\n","protected":false},"author":1,"featured_media":0,"parent":0,"menu_order":0,"comment_status":"closed","ping_status":"closed","template":"","meta":{"footnotes":""},"class_list":["post-1515","page","type-page","status-publish","hentry"],"_links":{"self":[{"href":"https:\/\/schuetzen-neuenheerse.de\/index.php?rest_route=\/wp\/v2\/pages\/1515","targetHints":{"allow":["GET"]}}],"collection":[{"href":"https:\/\/schuetzen-neuenheerse.de\/index.php?rest_route=\/wp\/v2\/pages"}],"about":[{"href":"https:\/\/schuetzen-neuenheerse.de\/index.php?rest_route=\/wp\/v2\/types\/page"}],"author":[{"embeddable":true,"href":"https:\/\/schuetzen-neuenheerse.de\/index.php?rest_route=\/wp\/v2\/users\/1"}],"replies":[{"embeddable":true,"href":"https:\/\/schuetzen-neuenheerse.de\/index.php?rest_route=%2Fwp%2Fv2%2Fcomments&post=1515"}],"version-history":[{"count":4,"href":"https:\/\/schuetzen-neuenheerse.de\/index.php?rest_route=\/wp\/v2\/pages\/1515\/revisions"}],"predecessor-version":[{"id":9338,"href":"https:\/\/schuetzen-neuenheerse.de\/index.php?rest_route=\/wp\/v2\/pages\/1515\/revisions\/9338"}],"wp:attachment":[{"href":"https:\/\/schuetzen-neuenheerse.de\/index.php?rest_route=%2Fwp%2Fv2%2Fmedia&parent=1515"}],"curies":[{"name":"wp","href":"https:\/\/api.w.org\/{rel}","templated":true}]}}